 the remainder when 1063538 is divided by 9?
8
Calculate the remainder when 464522 is divided by 591.
587
What is the remainder when 35736 is divided by 50?
36
What is the remainder when 23789 is divided by 3955?
59
Calculate the remainder when 412709 is divided by 17196.
5
What is the remainder when 20521 is divided by 327?
247
Calculate the remainder when 12611 is divided by 4199.
14
What is the remainder when 5021 is divided by 44?
5
Calculate the remainder when 1546349 is divided by 169.
168
What is the remainder when 2866990 is divided by 135?
130
Calculate the remainder when 796678 is divided by 20.
18
What is the remainder when 4559 is divided by 1036?
415
What is the remainder when 269374 is divided by 625?
624
What is the remainder when 4457 is divided by 1480?
17
Calculate the remainder when 13661 is divided by 975.
11
What is the remainder when 16174 is divided by 3227?
39
What is the remainder when 11612 is divided by 3852?
56
What is the remainder when 4268 is divided by 147?
5
Calculate the remainder when 5035517 is divided by 640.
637
What is the remainder when 4244 is divided by 635?
434
Calculate the remainder when 3451 is divided by 132.
19
Calculate the remainder when 2276 is divided by 483.
344
What is the remainder when 355410 is divided by 909?
900
Calculate the remainder when 14820 is divided by 675.
645
What is the remainder when 11850 is divided by 735?
90
What is the remainder when 2290 is divided by 274?
98
What is the remainder when 8026 is divided by 161?
137
Calculate the remainder when 70408 is divided by 1280.
8
What is the remainder when 8204 is divided by 2050?
4
Calculate the remainder when 4928 is divided by 1745.
1438
Calculate the remainder when 6460 is divided by 6.
4
What is the remainder when 3757 is divided by 170?
17
Calculate the remainder when 561 is divided by 19.
10
What is the remainder when 193187 is divided by 256?
163
Calculate the remainder when 429608 is divided by 61.
46
What is the remainder when 10354172 is divided by 21?
17
What is the remainder when 1969 is divided by 217?
16
Calculate the remainder when 14276 is divided by 678.
38
What is the remainder when 19425 is divided by 324?
309
What is the remainder when 18962 is divided by 2702?
48
What is the remainder when 1337 is divided by 1226?
111
Calculate the remainder when 766 is divided by 29.
12
What is the remainder when 1898975 is divided by 524?
523
What is the remainder when 10827 is divided by 3267?
1026
What is the remainder when 664471 is divided by 51112?
15
What is the remainder when 19453 is divided by 9710?
33
Calculate the remainder when 23021 is divided by 36.
17
Calculate the remainder when 299152 is divided by 35.
7
What is the remainder when 62220 is divided by 91?
67
Calculate the remainder when 3011 is divided by 377.
372
What is the remainder when 97144 is divided by 253?
245
Calculate the remainder when 298725 is divided by 81.
78
Calculate the remainder when 7921 is divided by 107.
3
What is the remainder when 3304 is divided by 161?
84
Calculate the remainder when 1676 is divided by 29.
23
Calculate the remainder when 3655 is divided by 1103.
346
Calculate the remainder when 90846 is divided by 10.
6
What is the remainder when 244603 is divided by 345?
343
What is the remainder when 49922 is divided by 159?
155
Calculate the remainder when 47737 is divided by 434.
431
What is the remainder when 80590 is divided by 1279?
13
Calculate the remainder when 6795 is divided by 491.
412
Calculate the remainder when 628788 is divided by 157176.
84
Calculate the remainder when 91220 is divided by 18.
14
What is the remainder when 4255 is divided by 4216?
39
What is the remainder when 1039 is divided by 294?
157
What is the remainder when 54514 is divided by 47?
41
What is the remainder when 5287 is divided by 5277?
10
Calculate the remainder when 807976 is divided by 2835.
1
Calculate the remainder when 852 is divided by 91.
33
What is the remainder when 31794 is divided by 7905?
174
Calculate the remainder when 162329 is divided by 35.
34
Calculate the remainder when 27132 is divided by 144.
60
Calculate the remainder when 9604 is divided by 3184.
52
Calculate the remainder when 1310 is divided by 317.
42
What is the remainder when 21164 is divided by 3?
2
Calculate the remainder when 29598 is divided by 82.
78
What is the remainder when 6742 is divided by 192?
22
What is the remainder when 3658 is divided by 1825?
8
Calculate the remainder when 7525 is divided by 788.
433
Calculate the remainder when 13505 is divided by 1125.
5
Calculate the remainder when 3257 is divided by 1059.
80
Calculate the remainder when 23852 is divided by 7947.
11
Calculate the remainder when 27582 is divided by 1531.
24
What is the remainder when 13008 is divided by 448?
16
What is the remainder when 1837518 is divided by 892?
890
Calculate the remainder when 3943 is divided by 16.
7
What is the remainder when 521 is divided by 148?
77
Calculate the remainder when 4885 is divided by 13.
10
Calculate the remainder when 18179 is divided by 1227.
1001
What is the remainder when 1833 is divided by 81?
51
Calculate the remainder when 4653 is divided by 4628.
25
Calculate the remainder when 853208 is divided by 21.
20
What is the remainder when 1140 is divided by 1040?
100
What is the remainder when 2877 is divided by 189?
42
What is the remainder when 12212 is divided by 13?
5
What is the remainder when 73324 is divided by 31?
9
Calculate the remainder when 5511 is divided by 2224.
1063
What is the remainder when 390645 is divided by 164?
161
Calculate the remainder when 43 is divided by 9.
7
Calculate the remainder when 733 is divided by 65.
18
Calculate the remainder when 41806 is divided by 40.
6
Calculate the remainder when 13151 is divided by 6527.
97
What is the remainder when 1114 is divided by 2?
0
What is the remainder when 52463 is divided by 53?
46
What is the remainder when 3210 is divided by 2524?
686
Calculate the remainder when 471119 is divided by 27.
23
What is the remainder when 12234 is divided by 31?
20
Calculate the remainder when 2176 is divided by 11.
9
What is the remainder when 30256 is divided by 131?
126
What is the remainder when 78797 is divided by 11?
4
What is the remainder when 54234 is divided by 364?
362
What is the remainder when 54830 is divided by 39?
35
Calculate the remainder when 3238 is divided by 49.
4
What is the remainder when 3469 is divided by 456?
277
What is the remainder when 668223 is divided by 47730?
3
What is the remainder when 4085 is divided by 194?
11
What is the remainder when 299526 is divided by 8?
6
What is the remainder when 444 is divided by 127?
63
What is the remainder when 4754 is divided by 1096?
370
Calculate the remainder when 57176 is divided by 100.
76
Calculate the remainder when 9506 is divided by 929.
216
What is the remainder when 146818 is divided by 26?
22
What is the remainder when 59489 is divided by 14865?
29
What is the remainder when 3487 is divided by 11?
0
Calculate the remainder when 153142 is divided by 43.
19
What is the remainder when 2230 is divided by 125?
105
Calculate the remainder when 132383 is divided by 321.
131
Calculate the remainder when 4019 is divided by 114.
29
What is the remainder when 142 is divided by 133?
9
What is the remainder when 123437 is divided by 5?
2
What is the remainder when 10662 is divided by 311?
88
Calculate the remainder when 710112 is divided by 355056.
0
Calculate the remainder when 953548 is divided by 30.
28
Calculate the remainder when 457081 is divided by 99.
97
What is the remainder when 321 is divided by 189?
132
Calculate the remainder when 255245 is divided by 43.
40
What is the remainder when 1942 is divided by 653?
636
What is the remainder when 20414 is divided by 116?
114
What is the remainder when 331263 is divided by 209?
207
Calculate the remainder when 9342 is divided by 135.
27
Calculate the remainder when 29778 is divided by 317.
297
What is the remainder when 6591 is divided by 6541?
50
Calculate the remainder when 22324 is divided by 4464.
4
Calculate the remainder when 371468 is divided by 157.
6
Calculate the remainder when 148739 is divided by 30.
29
Calculate the remainder when 48343 is divided b